-1 + 1 + 11?
1
What is -3 + (4 - 1) - (3 + (-3 - -6))?
-6
Calculate 14 - (-21 - -45) - (-1 + 6).
-15
Evaluate -8 - -1 - (5 + (-2 - (8 - 6))).
-8
What is the value of 23 - (23 - (-14 + 26))?
12
10 + 4 + -8 + 0 + 11 + -17
0
What is 15 - (-1 + (13 - -19))?
-16
5 + (-3 - -7 - 3) + -29
-23
Evaluate -1 + -2 + 2 + 5 + 12 + -13.
3
Evaluate (-86 - -93) + (-1 - 17) - -10.
-1
What is -8 + (-2 - 6 - -1) + 69 + -81?
-27
What is the value of -2 + 19 - (6 + 0)?
11
18 + -2 - (43 + -42)
15
Evaluate (-6 + 11 - 3) + 8.
10
What is -90 + 58 - (4 - 41)?
5
What is the value of -14 - (-10 + 17 + -9)?
-12
What is 13 + -36 + 21 + -13?
-15
Calculate 82 + -72 - (0 + 1 - 4).
13
Calculate -1 - -1 - (0 + -18) - (308 - 312).
22
Calculate -9 + (-4 - 4) + (5 - -8) - 5.
-9
What is the value of 0 + -3 + (-1 - -10) + (1 - -6)?
13
What is -4 + 9 - (-11 + 0 + 6)?
10
Evaluate 4 - (-4 + (6 - (5 - 9))).
-2
14 + -14 + 14 + 13
27
What is (-5 - (0 - 1)) + (92 - 114) - -5?
-21
0 + (-8 - 3 - -8) + -1 + 3
-1
-30 - -19 - (5 + -7 + -6)
-3
What is the value of 22 + -8 + (-7 - (-3 + -16))?
26
What is the value of -45 + 40 - ((-4 - -2 - 26) + 5)?
18
What is the value of (-3 - (10 - 3)) + (-5 - 4 - -12)?
-7
What is 5 + (-7 - -6) + 18 + -8 + -15?
-1
What is -19 + 0 + -3 + (421 - 418)?
-19
Evaluate 0 + -10 - ((-61 - -107) + -74).
18
Evaluate (-1 - -1) + -7 + (10 - 7) + -1.
-5
What is -6 - (-1 - 22 - ((-6 - -17) + -9))?
19
Calculate 1 + 1 + (12 - 7) + -13.
-6
Evaluate -16 + (3 - (-12 + 7 - -1) - 0).
-9
-8 + 2 + -24 + 51
21
What is -20 + (-45 + 41 - 10)?
-34
What is the value of (-53 + 56 - (1 + 28)) + 13?
-13
Evaluate (-39 - -58) + -15 + (1 - 1).
4
What is -21 + -1 - (13 + 3 + -21)?
-17
Calculate 6 + (4 - 2 - (-1 + 19 + -16)).
6
What is (10 + -2 - 18 - 0) + (1 - 3)?
-12
What is the value of 33 + (6 - ((10 - -6) + -7))?
30
Evaluate 13 + -16 + (5 - (-4 - -3)).
3
What is the value of 0 + 4 - ((-26 - -14) + 23)?
-7
(-8 - 15 - (-19 + 10)) + 7
-7
What is the value of -2 - (13 + -25 - 42) - 16?
36
Evaluate (-24 - (-9 + -9)) + 13.
7
-6 - (17 + 5 - 37)
9
(5 - 20) + 12 + -1 + -2
-6
What is the value of (0 - 1) + (20 - (18 - 7)) + 5?
13
7 - (-6 + 9 - 7) - (-8 + 7)
12
What is 0 + -8 + (20 - 28) + 11?
-5
-1 - 6 - (-19 + 20 + -4) - -13
9
Evaluate (117 - 112) + (-5 - (0 - -2)).
-2
What is the value of -1 + (-1 - -15 - (-9 - -7))?
15
(0 - -9 - 6 - (0 + -5)) + 2
10
What is -1 + (-8 - -1) + 26 + -18?
0
(52 - 51 - (10 - (-4 + 2))) + -2
-13
-23 - (-25 - (-27 + 4))
-21
What is the value of -1 + -4 + 12 + -6 - -5?
6
What is 9 - 1 - (22 + -23 + -14 - -6)?
17
Evaluate -2 + -38 - (-56 + 56).
-40
What is the value of -7 + 0 + (-5 - (-14 - -6))?
-4
Calculate (-1 + -6 + -1 + 11 - 6) + 5.
2
Evaluate 0 + -4 - (-12 + 5 - -3) - 3.
-3
Calculate -2 + (1 - -3) + -12 + (-5 - 3).
-18
What is the value of -12 - (-7 + 4) - -14 - 6?
-1
Evaluate (-9 - 1) + 4 + -9 + 4 + 1.
-10
Evaluate 9 + 7 + -11 - 14 - -21.
12
What is -1804 + 1839 - (4 + -2 + 15)?
18
Evaluate (7 - (23 - (5 + 5))) + 9.
3
What is the value of -10 + 3 + -15 + 11 + (0 - 7)?
-18
(-19 - (-2 + -7)) + 20 + -9
1
What is the value of (-2 - 5 - -14 - -7) + (-2 - 0)?
12
What is the value of -11 + (1 - 0) + 3578 + -3552?
16
Calculate -25 - (4 - (-7 + 10 - (-1 + 1))).
-26
Evaluate -1 + (29 - 35) + 41.
34
Evaluate 3 + (7 - 3) + -3 + -1 + 6.
9
Evaluate 3 + -1 - 1 - (4 - 6 - 2).
5
Evaluate 78 + (19 - 31) + -35.
31
(12 - 16) + (13 - 2)
7
Evaluate (-1 - -4) + (2 - (27 - 13)).
-9
What is the value of (-4 - (-6 + 8) - -7) + -13?
-12
What is -4 + 6 - -13 - 10?
5
(-1 - -22 - (7 - 20 - -14)) + -6
14
What is 362 + -368 + -1 + (0 - -1)?
-6
-6 - -24 - (5 - -5)
8
Calculate -17 - -2 - -5 - 9.
-19
What is the value of (13 + 0 - 0) + -24?
-11
What is the value of -71 - -45 - ((1 - -5) + 1 + -4)?
-29
What is 0 + 7 - ((39 - 5) + -32)?
5
28 - (18 + -10 + -4)
24
Calculate 3 + -7 + (2 - (-8 - (-24 - -12))).
-6
2 - 3 - (8 - (0 + 7) - -4)
-6
(2 - 1) + 9 + -14 + (0 - 3)
-7
What is (7 - -1) + (-2 + -18 - -17)?
5
Evaluate (4 - (0 + -2 + 9)) + 7.
4
Calculate (4 - -1) + -11 - (-1 - (-2 - -6)).
-1
What is the value of 1 + -11 - (-9 + (1 - 1))?
-1
What is 3 - (-2 + 1 + 4) - (18 - 21)?
3
Evaluate (-274 - -290) + -2 + -3.
11
Calculate -10 - (-3 - (-11 + 12 + -6)).
-12
What is the value of -11 + 3 - (5 + -8) - (59 - 79)?
15
What is the value of -6 + 6 - (-14 - -3)?
11
What is the value of 1 + -7 + 12 + 2?
8
Calculate 5 + 1 + (0 - -1) + 13 + -9.
11
Calculate 1 - ((21 - 28) + (1 - -1 - -6)).
0
What is 9 + -5 + 8 + -18 + 8?
2
Evaluate 25 + -6 - (7 - (-5 + 5)).
12
What is (-2 - (3 - -2)) + (5 - (1 + 8))?
-11
1 + (16 + -1 + 1 - (26 - 16))
7
(-34 - (-23 + 16 - -1)) + 17
-11
Calculate 24 + -35 - (4 + -1 + 12).
-26
What is -6 - ((5 - 0 - 10) + 0 + -10)?
9
Evaluate (13 - 1) + -38 + 26 + 1 + 7.
8
What is the value of 20 + 0 - (-4 + -4 - -15)?
13
-9 - (15 + -8 + -11)
-5
25 + (-15 - -4 - 3)
11
What is 17 + (4 - 13) - 1?
7
What is the value of 26 - (19 + -15 + 4)?
18
What is -11 + (-1 - (13 - 10)) - (-12 - -8)?
-11
-2 + (-1 - (0 - -12)) - (34 - 42)
-7
Evaluate (-2 - (-1 + 5 - -2)) + 2.
-6
Calculate -1 + -3 + (7 - 2) - (-5 - 1).
7
What is 19 + (8 + 1 - 20) - -18?
26
(11 + -5 - 4 - -2) + -3 + -8
-7
Evaluate 11 - 0 - ((-129 - -137) + 1 + -15).
17
What is -13 + (-2 + -2 - -13)?
-4
Evaluate (-50 - -50) + -8 + 2.
-6
Evaluate -7 + 2 + 21 + -22 + 16.
10
31 - (8 - (-5 + (-5 - -16) + -5))
24
Calculate (-755 - -790) + 0 + -15.
20
Calculate -12 + -5 + 5 + -2 + (-6 - -11).
-9
Evaluate 14 - (3 + 0 + 3 - 5).
13
What is 30 + -32 + 21 - 11 - (25 - 2)?
-15
-19 - 0 - (10 - (-35 + 46))
-18
What is the value of -48 + (40 - 6 - 10)?
-24
What is (-1 - 26) + (548 - 520)?
1
-9 - (22 + -16 - (3 + 12))
0
Evaluate 6 - (6 - (-2 + 7)) - -2.
7
Calculate -8 - (5 + -10 + 0).
-3
What is 6 + 17 + (-1 - 2) + (2 - 9)?
13
What is (7 - 25) + 19 + (15 - 6)?
10
Calculate -3 + 23 + 2 - (6 - -3).
13
What is the value of 13 - (9 + 14 - 15 - (1 + 1))?
7
What is -16 + -1 - (566 + -590)?
7
Evaluate 20 + -27 + (0 - 5).
-12
What is the value of -19 - -32 - (1 + 15)?
-3
Evaluate 3 - (-7 + -5 + 6).
9
(-5 - (-2 - 0) - -4) + (7 - 0)
8
What is 0 + -12 + (2 - -32) + -40?
-18
Evaluate 356 - 350 - (-1 + 0 - (8 - 3)).
12
What is the value of -16 + (28 + 3 - 14)?
1
Calculate (32 - 74 - -12) + 32.
2
Evaluate -38 - (-62 - -30) - (-15 + -2).
11
What is 691 + -698 - (5 - 1 - 0)?
-11
Calculate 11 + 4 + (-19 - 10).
-14
18 + 1 + -5 + -8
6
Calculate 8 + (19 - (18 - 5)).
14
Evaluate -2 - (4 - 11) - 4.
1
-15 - -1 - (-2607 - -2608)
-15
-1 + -9 - (29 + (5 - 41))
-3
What is 11 + 15 + -34 + 13?
5
7 + 3 + 5 + -2
13
(-6 + (-1 - -8) - -17) + -3
15
12 + -20 - -11 - (-2 + 10)
-5
Evaluate (10 + -16 - 2) + (-2 - -15).
5
Calculate (-20 - (-26 + 0)) + 5 + 3 + -10.
4
What is 8 + 12 + (-3 - 6) + 6?
17
Evaluate -19 + (54 - 18) + -12.
5
Evaluate -16 - 1 - -10 - -12.
5
54 + (-99 - -20) + -1 + 3 + 1
-22
Calculate 5 - 11 - (-5 - (-10 - 0)).
-11
13 + (-20 + 8 - -8 - (0 + 0))
9
What is the value of 476 - 472 - ((1 - -1) + 22)?
-20
-1 - (8 + 5 + (-14 - -6 - -3))
-9
Evaluate (-8 - -12) + -5 + 17 + -8.
8
What is the value of -18 - (2 + 3 + -7 + -2)?
-14
Evaluate 0 + -12 + -18 + (-19 - -57).
8
Calculate -4 + (-1 - 0 - -5) - (12 + -25).
13
What is 56 - (-7 - -56) - (0 + 2 + -32)?
37
What is 19 + 5 - 29 - (1 - -1 - -5)?
-12
What is the value of 3 + 5 + -2 - (-1 - (5 - 0))?
12
0 - (6 + -16 + 4) - 9 - -6
3
-3 + 8 + -19 - (14 + -14)
-14
Evaluate -11 + 14 + (-2 - 22).
-21
What is the value of -12 + (45 - (-20 - -23))?
30
(8 + (10 - 20) - -4) + 9
11
Calculate 26 - ((22 - 4) + -1).
9
-28 + -8 - (-33 + 23)
-26
9 + (5 + -5 - -2)
11
(-12 - -2) + (14 - 18 - 2)
-16
1 - (1 + (1 - -5 - (-14 + 25)))
5
-40 + (-16 - -29) + (2 - -10)
-15
What is the value of -2 + -9 + -1 + (24 - 1)?
11
What is the value of (0 - -4 - -11) + -27 + -4 + 23?
7
(-24 + 3 - -6) + (-9 - -12)
-12
Evaluate 17 + (144 - 144) + 0 + 4 + 3.
24
What is the value of 5 - (-16 + 6 - -6)?
9
Evaluate 0 + 16 + 138 + -148.
6
What is the value of -10 + -21 + 10 - -41?
20
Calculate (0 - (12 - -4)) + 7.
-9
Calculate -7 - 1 - (-9 - 15).
16
Calculate -5 + (-5 - (0 - 5)) + (7 - 5).
-3
35 + -47 + -4 + 37
21
What is -96 + 84 + 15 + 1?
4
2 - (8 - (7 - 0) - 3) - -4
8
Calculate 120 + -129 + (-1 - -2).
-8
Calculate -8 + (9 - 11) + (-9 - (5 - 11)).
-13
What is (11 + -15 - 14) + 14?
-4
Evalu